nder when 466184111 is divided by 11.
8
Calculate the remainder when 124877437 is divided by 25.
12
Calculate the remainder when 452938 is divided by 81.
67
Calculate the remainder when 110229971 is divided by 34.
33
What is the remainder when 21447080 is divided by 1432?
16
Calculate the remainder when 13120 is divided by 3609.
2293
Calculate the remainder when 29204240 is divided by 56162.
0
What is the remainder when 92387 is divided by 92366?
21
What is the remainder when 109166 is divided by 7168?
1646
Calculate the remainder when 21012648 is divided by 99.
96
What is the remainder when 147646 is divided by 180?
46
Calculate the remainder when 7818778 is divided by 49.
44
What is the remainder when 98245 is divided by 7366?
2487
What is the remainder when 2963209 is divided by 148156?
89
Calculate the remainder when 687469 is divided by 46.
45
What is the remainder when 3410023 is divided by 973?
631
What is the remainder when 1472074 is divided by 58881?
49
What is the remainder when 5859935 is divided by 477?
467
What is the remainder when 34546 is divided by 5284?
2842
Calculate the remainder when 9817932 is divided by 12.
0
What is the remainder when 245873935 is divided by 14?
13
What is the remainder when 312985 is divided by 156118?
749
Calculate the remainder when 16070182 is divided by 2295739.
9
Calculate the remainder when 4309457 is divided by 1436478.
23
Calculate the remainder when 67630316 is divided by 158.
154
Calculate the remainder when 772373 is divided by 24136.
21
Calculate the remainder when 5549417 is divided by 1907.
47
Calculate the remainder when 444559 is divided by 5094.
1381
Calculate the remainder when 110096 is divided by 22.
8
What is the remainder when 3718805 is divided by 106?
7
Calculate the remainder when 15942638 is divided by 512.
494
What is the remainder when 8049708 is divided by 223603?
0
Calculate the remainder when 37827894 is divided by 40157.
0
What is the remainder when 1618772 is divided by 104?
12
Calculate the remainder when 51734 is divided by 4298.
158
Calculate the remainder when 17885258 is divided by 5762.
10
Calculate the remainder when 102552 is divided by 5643.
978
Calculate the remainder when 46454088 is divided by 6.
0
Calculate the remainder when 297456 is divided by 455.
341
What is the remainder when 1234175573 is divided by 33?
26
Calculate the remainder when 4139590 is divided by 344965.
10
Calculate the remainder when 159023 is divided by 11351.
109
What is the remainder when 8452338 is divided by 30295?
33
What is the remainder when 172013 is divided by 41435?
6273
What is the remainder when 20771332 is divided by 639?
637
Calculate the remainder when 10980595 is divided by 719.
27
What is the remainder when 37582 is divided by 17104?
3374
Calculate the remainder when 417307963 is divided by 863.
861
What is the remainder when 11889923 is divided by 3963302?
17
Calculate the remainder when 105740 is divided by 26340.
380
What is the remainder when 8090963 is divided by 856?
51
What is the remainder when 622523 is divided by 763?
678
Calculate the remainder when 80356 is divided by 9577.
3740
Calculate the remainder when 3543983 is divided by 33.
14
What is the remainder when 950612 is divided by 385?
47
What is the remainder when 1015563 is divided by 583?
560
What is the remainder when 217703 is divided by 188?
187
What is the remainder when 1719720 is divided by 94?
84
What is the remainder when 1826726 is divided by 46829?
395
What is the remainder when 2719636 is divided by 290?
16
Calculate the remainder when 8381 is divided by 820.
181
What is the remainder when 3574804 is divided by 273?
142
What is the remainder when 7125 is divided by 6294?
831
Calculate the remainder when 74333997 is divided by 7205.
12
Calculate the remainder when 562928 is divided by 1350.
1328
Calculate the remainder when 19910 is divided by 8475.
2960
What is the remainder when 810467099 is divided by 414?
413
What is the remainder when 22928023 is divided by 21?
13
What is the remainder when 516526 is divided by 2034?
1924
Calculate the remainder when 507807 is divided by 46156.
91
What is the remainder when 17775781 is divided by 354?
25
Calculate the remainder when 5827346 is divided by 1942388.
182
Calculate the remainder when 1123820 is divided by 2768.
12
What is the remainder when 34741 is divided by 1328?
213
What is the remainder when 1382096 is divided by 60088?
72
What is the remainder when 4181080 is divided by 179?
177
What is the remainder when 172630 is divided by 2646?
640
Calculate the remainder when 155674 is divided by 2429.
218
Calculate the remainder when 17300 is divided by 181.
105
Calculate the remainder when 48124438 is divided by 4812440.
38
What is the remainder when 23316930 is divided by 115?
105
Calculate the remainder when 101781292 is divided by 935.
932
Calculate the remainder when 2412581 is divided by 2521.
2505
What is the remainder when 328937 is divided by 23490?
77
What is the remainder when 330230192 is divided by 3943?
3942
What is the remainder when 141574 is divided by 9949?
2288
What is the remainder when 15184983 is divided by 799209?
12
Calculate the remainder when 26496243 is divided by 65.
33
What is the remainder when 941554 is divided by 72?
10
What is the remainder when 196956 is divided by 183?
48
What is the remainder when 53630820 is divided by 8938462?
48
What is the remainder when 150321 is divided by 673?
242
Calculate the remainder when 1977026 is divided by 4136.
18
What is the remainder when 167323 is divided by 55506?
805
Calculate the remainder when 271697 is divided by 622.
505
Calculate the remainder when 373923 is divided by 2088.
171
Calculate the remainder when 2627537 is divided by 59716.
33
What is the remainder when 605056 is divided by 91?
88
What is the remainder when 5189 is divided by 1169?
513
What is the remainder when 6708336 is divided by 223611?
6
What is the remainder when 348651 is divided by 3141?
0
Calculate the remainder when 454732 is divided by 333.
187
What is the remainder when 76477408 is divided by 1553?
1476
What is the remainder when 4431504 is divided by 538?
536
What is the remainder when 138767 is divided by 23089?
233
What is the remainder when 444765 is divided by 148010?
735
What is the remainder when 1877236 is divided by 98799?
55
What is the remainder when 1644069 is divided by 351?
336
Calculate the remainder when 283746 is divided by 92155.
7281
Calculate the remainder when 33328 is divided by 10470.
1918
What is the remainder when 226289 is divided by 3187?
12
Calculate the remainder when 494901 is divided by 61861.
13
What is the remainder when 34432788 is divided by 245?
243
Calculate the remainder when 1028783 is divided by 38092.
299
Calculate the remainder when 34081350 is divided by 14060.
13970
What is the remainder when 2004703 is divided by 7034?
13
What is the remainder when 4491069 is divided by 87?
42
What is the remainder when 59834 is divided by 5110?
3624
What is the remainder when 15731 is divided by 5226?
53
Calculate the remainder when 98891 is divided by 8597.
4324
What is the remainder when 11940403 is divided by 375?
28
Calculate the remainder when 1442719 is divided by 1442179.
540
Calculate the remainder when 1772796 is divided by 57.
39
Calculate the remainder when 65748621 is divided by 5977144.
37
Calculate the remainder when 630537 is divided by 78719.
785
Calculate the remainder when 60022031 is divided by 157.
146
What is the remainder when 92007339 is divided by 134?
125
Calculate the remainder when 472862 is divided by 370.
2
What is the remainder when 5475781 is divided by 5475775?
6
What is the remainder when 15233160 is divided by 144?
120
Calculate the remainder when 321983 is divided by 35768.
71
What is the remainder when 27519160 is divided by 199414?
28
Calculate the remainder when 1018 is divided by 137.
59
Calculate the remainder when 362127 is divided by 13392.
543
Calculate the remainder when 1319339 is divided by 116.
71
Calculate the remainder when 1243910 is divided by 44421.
122
Calculate the remainder when 29830 is divided by 828.
22
What is the remainder when 7973990 is divided by 186?
170
What is the remainder when 54241992 is divided